 of u.
23
List the prime factors of ((-7627)/203)/((-3)/21).
263
Let a(k) = -k**3 - 14*k**2 - 13*k + 16. Suppose -j = -61 - 4. Suppose 0 = -5*t + 3*r - j, t + 0*r + 13 = 3*r. What are the prime factors of a(t)?
2
Suppose 3*d + 40 = 4*t + t, 3*d = 0. What are the prime factors of (-6)/(-15)*520/t?
2, 13
Let p be 4/2 - -1*2. Suppose 4*m - p*w - 142 = -m, 4*m = -5*w + 130. What are the prime factors of m?
2, 3, 5
Let y = -175 - -256. Suppose -5*q + 152 = -4*a, -6*a - 76 = -4*a + 3*q. Let f = y + a. What are the prime factors of f?
43
Let x = 5514 + -2942. List the prime factors of x.
2, 643
Let w(n) = n**3 - 2*n**2 - 3*n + 496. What are the prime factors of w(0)?
2, 31
Suppose -4*l = -2*k - 2616, 0 = 5*k - 10 - 10. List the prime factors of l.
2, 41
Suppose -5*b + x = -4 - 1, 10 = -3*b - 2*x. Suppose b = 4*j + j - 115. Let q = j - 12. What are the prime factors of q?
11
What are the prime factors of (-2311)/(-5) + (-1)/5?
2, 3, 7, 11
Let q = -879 + 966. What are the prime factors of q?
3, 29
Let l(q) be the third derivative of q**5/60 + 5*q**4/24 + 7*q**3/6 + 71*q**2. Suppose 0 = o + 8 - 3. List the prime factors of l(o).
7
Let c be (-20)/(-6)*(5 + (-85)/(-10)). List the prime factors of c/((-1)/(-4)*6).
2, 3, 5
Let v = -1234 + 1277. List the prime factors of v.
43
Let d(m) = m**2 - 10*m + 9. Suppose -8*a = 5*g - 3*a - 80, -3*g + 4*a = -27. What are the prime factors of d(g)?
2, 3
Suppose -11 = 7*v - 32. Suppose 2*c - g - 185 = 0, -3*c - v*g + 173 = -c. List the prime factors of c.
7, 13
What are the prime factors of (-16430)/(-31)*(-8)/(-5)?
2, 53
Suppose 5 = -5*d - 2*b, -3*d - b = 2*b + 12. What are the prime factors of (-2)/6*-45*d?
3, 5
Let d be 1/1 + 0/1. Let h be (-124)/(-4) - d*-2. Suppose -3 = r - h. What are the prime factors of r?
2, 3, 5
Let m = -26 + 25. Let d(n) = -81*n**3 - 3*n**2 - 4*n - 1. What are the prime factors of d(m)?
3
Let f(b) be the third derivative of b**6/180 + b**4/3 + 7*b**2. Let w(n) be the second derivative of f(n). What are the prime factors of w(4)?
2
Let w = 189 - 145. Let i = 119 - w. What are the prime factors of i?
3, 5
Let u be 0 + 2/(-7) - (-352)/7. Suppose 0 = -3*l - 3, -d + 5*l + 11 = 2*d. Suppose -38 = -0*s - d*s + 5*c, -2*s = c - u. What are the prime factors of s?
2, 3
Let k(i) = -11*i**2 + 3*i. Let r be k(1). List the prime factors of r/(-14)*5/(50/35).
2
Suppose -4*k + 1040 = 5*w - 34, -3*w + 5*k = -637. List the prime factors of w.
2, 107
Let q = -2131 - -3076. What are the prime factors of q?
3, 5, 7
Let w(c) = 548*c**3 - 2*c**2 + 8*c - 3. List the prime factors of w(2).
3, 7, 11, 19
Let f(g) = -g. Let h be f(-1). Suppose 0 = -4*z - 4, -3*z - h - 17 = -5*p. Suppose p*n = -0*n + 135. What are the prime factors of n?
3, 5
Let g = 12 + -20. Let y(b) = -b**3 - 7*b**2 - 20*b - 19. List the prime factors of y(g).
5, 41
Let a(c) = c**3 - 14*c**2 + 7*c + 14. Let g be a(15). Suppose 6*p = p - 10. What are the prime factors of (1 + p)/((-8)/g)?
43
Let p = 2 + 19. Let k = 27 - p. List the prime factors of k.
2, 3
List the prime factors of (-24418)/(-87) - (-8)/6.
2, 3, 47
Let w be (1/(-2))/((-1)/(-10)). Let o(k) = -9*k**2 - 5*k + 2. Let n be o(9). List the prime factors of (-2)/w + n/(-20).
3, 13
List the prime factors of ((-180)/24)/(3/(-172)).
2, 5, 43
Suppose -3*n = -h + 3772, 5*h = h - 4*n + 15120. List the prime factors of h.
2, 1889
Suppose -23 - 83 = -2*a. Let o = -35 + a. List the prime factors of o.
2, 3
Let l(i) = 16*i**3 - 3*i**2 + 2*i - 1. Let f(k) = 2*k**3 + 2*k**2 + 1. Let a be f(0). List the prime factors of l(a).
2, 7
Let v(c) = -282*c - 87. List the prime factors of v(-12).
3, 7, 157
Suppose 3*d = 5*n - n + 137, 2*d - 5*n = 103. Let a = -65 + d. Let o = 6 - a. List the prime factors of o.
2
Let h(i) = i**3 - 8*i**2 - 11*i + 4. Let m be h(10). Suppose -2*o = -o + 2*r - 74, 3*r + m = o. Let l = o - 48. What are the prime factors of l?
2, 17
Let r(h) = 61*h - 13. What are the prime factors of r(4)?
3, 7, 11
Let m(n) = n**2 - 8*n - 6. Let z be m(9). Let l = 37 - z. Suppose 2*b = 3*b - l. What are the prime factors of b?
2, 17
Let z = -40 + 44. Suppose 2*u + 320 = 4*l, -z*l + 3*u = -u - 312. List the prime factors of l.
2, 41
Let s = -69 + 69. Suppose -a = -2*g + 149, s*g - 365 = -5*g - 5*a. List the prime factors of g.
2, 37
Suppose -5*g - 4*a + a = -12, -4*g = -4*a - 16. Let t(s) = 2*s + 1. What are the prime factors of t(g)?
7
Let p = -59 - -39. Let c be 19/5 - 4/p. What are the prime factors of 34/c + 2/(-4)?
2
Suppose -b - 529 = 4*u, 5*u + 0*b - 5*b = -680. Let p(v) = -15*v - 2. Let t be p(-2). What are the prime factors of (u/t)/(1/(-4))?
19
Let g(k) = 2*k**2 - 11*k - 11. Suppose 3*z = -2*z + 3*l + 54, -4*l = -8. List the prime factors of g(z).
5, 29
Suppose -2*u = -14 - 16. Let q = 49 - u. List the prime factors of q.
2, 17
Suppose w = 3*x + x + 193, 2*w - 2*x - 356 = 0. What are the prime factors of w?
173
List the prime factors of 1/4 - 65252/(-176).
7, 53
Let p(r) = 5*r + 24. Suppose 2*f + 2*f = -4*d + 76, 0 = -d - 3*f + 23. List the prime factors of p(d).
109
Suppose -25*b = -22*b + 5*t - 2357, -2*b + 1563 = 5*t. What are the prime factors of b?
2, 397
Let n be 2*9/6 + (3 - 3). Suppose -n*o - 208 = -0*t - 2*t, -3*o + 232 = 2*t. List the prime factors of t.
2, 5, 11
Let y(h) = -h**3 - 7*h**2 + 2. Let n be y(-7). Let b(a) = a**2 - 2. Let v be b(n). List the prime factors of 56/v + 1 + -3.
2, 13
Suppose -2*w + 10 = 4. Let u = 7 + 74. Suppose -4*z = 2*j + j - u, -w*j = -3*z + 66. What are the prime factors of z?
3, 7
Suppose -2*o = -2*c + 691 + 491, 2*o - 2 = 0. List the prime factors of c.
2, 37
Let i = -12 - -15. Suppose i*c = -t + 2*c - 45, 0 = -5*c + 15. List the prime factors of (14/4)/((-4)/t).
2, 3, 7
Let d be (-15561)/(-99) - 2/11. Let l = -53 + d. List the prime factors of l.
2, 13
What are the prime factors of (-196)/(-245)*(-15735)/(-6)?
2, 1049
Let a = -1150 - -1886. What are the prime factors of a?
2, 23
Suppose -5*a - 1310 = -w, -5*w - 3*a = -6*a - 6594. List the prime factors of w.
2, 3, 5, 11
Let h(n) = 2*n - n**2 + 5*n - 60 + 59. Let o be h(6). Suppose -3*w + 24 = b - 10, o*b + 4*w - 137 = 0. List the prime factors of b.
5
Suppose -88 = -4*u + 156. Suppose -g + 87 = -3*p - u, 12 = -4*p. What are the prime factors of g?
139
Let z = 0 - -4. Suppose z*h = 411 - 11. What are the prime factors of h?
2, 5
Let c = 258 + -234. List the prime factors of c.
2, 3
Let v(a) = 67*a**2 + 2*a + 5. What are the prime factors of v(-3)?
2, 7, 43
What are the prime factors of -30*(1/(-1) - 11)?
2, 3, 5
Suppose 4*l - 32 = -4*c, -5*c = -2*c - 6. Let u be (4/l)/((-2)/21). What are the prime factors of ((-40)/u)/(4/14)?
2, 5
Suppose 1 = 4*a + 6*t - 3*t, -2*a - t = -1. Suppose -3*b + 8*b = -5, j + 4*b = -a. Let p(o) = -o**3 + 4*o**2 + 2*o - 6. List the prime factors of p(j).
3
Suppose 4*k - 24 = k. Suppose -188 = -k*i + 84. What are the prime factors of i?
2, 17
Let m(t) = 18*t**2 + 5*t. Let v(h) = 35*h**2 + 11*h. Let u(x) = 9*m(x) - 4*v(x). Let f(o) = -6*o - 11. Let q be f(-2). What are the prime factors of u(q)?
23
Let r(n) = n**3 - 22*n**2 + 12*n + 76. What are the prime factors of r(24)?
2, 379
Let s(g) = 5*g - 23. Let d be s(5). Suppose d*z - 6*z + 5*o = -99, -3*z + 79 = o. List the prime factors of z.
2, 13
Suppose 0 = -90*w + 80*w + 38730. What are the prime factors of w?
3, 1291
Suppose -6*u + 54 = 3*u. Let i be (-3)/6*(2 - 2). Suppose 0 = -k - i*k + u. List the prime factors of k.
2, 3
Let b = -26 + 31. Suppose -b*q + 3*q + 5*l + 180 = 0, l = -4*q + 382. What are the prime factors of q?
5, 19
Suppose -3*o + 14 = -4*s, 0 = 3*o + 2*o + 5*s. Suppose 0 = 5*a - o*h - 2, -4*a + 0 + 4 = -4*h. What are the prime factors of (-26)/(-1 - (0 - a))?
2, 13
Suppose 4*b - 55 = t, 0*t = 2*b - 4*t - 38. Suppose -25*a + 29*a - 20 = -4*l, -3*a - l = -17. Let i = b - a. What are the prime factors of i?
7
Let o(i) = -i**3 + 3*i**2 + 7*i - 5. Let d be (-2 + -3)*(-3 - -2). Let y be o(d). Let w = 34 + y. What are the prime factors of w?
2, 7
Let r(x) = -x**3 - 10*x**2 - 2*x - 3. Let w be r(-10). Let l = w - 11. List the prime factors of l.
2, 3
Suppose 4*t - 2*x = 174, 2*x = 2*t - t - 51. Suppose 2*d - t = -y, -y - 4*d - 2 = -53. List the prime factors of y.
31
Suppose -5*i + 3272 = 1122. What are the prime f